{"id":8,"date":"2016-11-23T00:34:53","date_gmt":"2016-11-23T00:34:53","guid":{"rendered":"https:\/\/oceanwp.org\/stylish\/?page_id=8"},"modified":"2022-10-20T14:14:33","modified_gmt":"2022-10-20T12:14:33","slug":"home-2","status":"publish","type":"page","link":"https:\/\/www.montybanse.eu\/","title":{"rendered":"Home"},"content":{"rendered":"\t\t<div data-elementor-type=\"wp-page\" data-elementor-id=\"8\" class=\"elementor elementor-8\">\n\t\t\t\t\t\t<section class=\"elementor-section elementor-top-section elementor-element elementor-element-6tvy454 elementor-section-height-full elementor-section-boxed elementor-section-height-default elementor-section-items-middle wpr-particle-no wpr-jarallax-no wpr-parallax-no wpr-sticky-section-no wpr-equal-height-no\" data-id=\"6tvy454\" data-element_type=\"section\" data-e-type=\"section\" data-settings=\"{&quot;background_background&quot;:&quot;classic&quot;}\">\n\t\t\t\t\t\t\t<div class=\"elementor-background-overlay\"><\/div>\n\t\t\t\t\t\t\t<div class=\"elementor-container elementor-column-gap-default\">\n\t\t\t\t\t<div class=\"elementor-column elementor-col-100 elementor-top-column elementor-element elementor-element-sk8ylc5\" data-id=\"sk8ylc5\" data-element_type=\"column\" data-e-type=\"column\">\n\t\t\t<div class=\"elementor-widget-wrap elementor-element-populated\">\n\t\t\t\t\t\t<div class=\"elementor-element elementor-element-91478c4 elementor-widget elementor-widget-text-editor\" data-id=\"91478c4\" data-element_type=\"widget\" data-e-type=\"widget\" data-widget_type=\"text-editor.default\">\n\t\t\t\t<div class=\"elementor-widget-container\">\n\t\t\t\t\t\t\t\t\t<p><span style=\"color: #99ccff;\"><span class=\"typed-me\" data-string0=\"Willkommen,\" data-string1=\"\u2026und sch\u00f6n, dass Du da bist!\" data-string2=\"\" data-string3=\"\" data-string4=\"Wartest Du auf etwas?\" data-string5=\"Schau Dich doch einfach unter Blogt\u00e4gliches um.\" data-string6=\"Ich erz\u00e4hle dort von verschiedenen Dingen,\" data-string7=\"die mir so durch den Kopf gehen.\" data-string8=\"Oder schreib mir! Ich freue mich auf Deine Nachricht!\" data-string9=\"\" data-string10=\"\" data-string11=\"F\u00fchl Dich ganz wie zuhause!\" data-type-speed=\"50\" data-start-delay=\"2000\" data-back-speed=\"50\" data-back-delay=\"2500\"><\/span><\/span><\/p>\t\t\t\t\t\t\t\t<\/div>\n\t\t\t\t<\/div>\n\t\t\t\t<div class=\"elementor-element elementor-element-f6166a3 elementor-widget-divider--view-line elementor-widget elementor-widget-divider\" data-id=\"f6166a3\" data-element_type=\"widget\" data-e-type=\"widget\" data-widget_type=\"divider.default\">\n\t\t\t\t<div class=\"elementor-widget-container\">\n\t\t\t\t\t\t\t<div class=\"elementor-divider\">\n\t\t\t<span class=\"elementor-divider-separator\">\n\t\t\t\t\t\t<\/span>\n\t\t<\/div>\n\t\t\t\t\t\t<\/div>\n\t\t\t\t<\/div>\n\t\t\t\t<div class=\"elementor-element elementor-element-9cbc616 elementor-widget elementor-widget-text-editor\" data-id=\"9cbc616\" data-element_type=\"widget\" data-e-type=\"widget\" data-widget_type=\"text-editor.default\">\n\t\t\t\t<div class=\"elementor-widget-container\">\n\t\t\t\t\t\t\t\t\t<p>Fr\u00fcher einmal diente diese Domain f\u00fcr die private Pr\u00e4sentation meinerseits.<\/p><p>Lange Zeit nutzte ich diese Domain ausschlie\u00dflich f\u00fcr E-Mailkommunikation. Nun aber ist die Zeit gekommen, wieder ein wenig mehr Leben in diese Webseite zu bringen. Im Jahre 2021 wurde ein neuer kleiner Blog geboren. Mit Themen rund um Dinge die mich besch\u00e4ftigen oder mit denen ich mich besch\u00e4ftige. Manchmal auch einfach nur Dinge, die mir durch den Kopf gehen oder die ich erw\u00e4hnenswert finde.<\/p><p>Interessiert? Na dann los: Ab zum <a href=\"https:\/\/www.montybanse.eu\/index.php\/blog-2\/\">Blogt\u00e4gliches<\/a><\/p>\t\t\t\t\t\t\t\t<\/div>\n\t\t\t\t<\/div>\n\t\t\t\t\t<\/div>\n\t\t<\/div>\n\t\t\t\t\t<\/div>\n\t\t<\/section>\n\t\t\t\t<\/div>\n\t\t","protected":false},"excerpt":{"rendered":"<p>Fr\u00fcher einmal diente diese Domain f\u00fcr die private Pr\u00e4sentation meinerseits. Lange Zeit nutzte ich diese Domain ausschlie\u00dflich f\u00fcr E-Mailkommunikation. Nun aber ist die Zeit gekommen, wieder ein wenig mehr Leben in diese Webseite zu bringen. Im Jahre 2021 wurde ein neuer kleiner Blog geboren. Mit Themen rund um Dinge die<\/p>\n","protected":false},"author":1,"featured_media":328,"parent":0,"menu_order":0,"comment_status":"closed","ping_status":"closed","template":"","meta":{"_eb_attr":"","_themeisle_gutenberg_block_has_review":false,"footnotes":""},"class_list":["post-8","page","type-page","status-publish","has-post-thumbnail","hentry"],"_links":{"self":[{"href":"https:\/\/www.montybanse.eu\/index.php\/wp-json\/wp\/v2\/pages\/8","targetHints":{"allow":["GET"]}}],"collection":[{"href":"https:\/\/www.montybanse.eu\/index.php\/wp-json\/wp\/v2\/pages"}],"about":[{"href":"https:\/\/www.montybanse.eu\/index.php\/wp-json\/wp\/v2\/types\/page"}],"author":[{"embeddable":true,"href":"https:\/\/www.montybanse.eu\/index.php\/wp-json\/wp\/v2\/users\/1"}],"replies":[{"embeddable":true,"href":"https:\/\/www.montybanse.eu\/index.php\/wp-json\/wp\/v2\/comments?post=8"}],"version-history":[{"count":172,"href":"https:\/\/www.montybanse.eu\/index.php\/wp-json\/wp\/v2\/pages\/8\/revisions"}],"predecessor-version":[{"id":1206,"href":"https:\/\/www.montybanse.eu\/index.php\/wp-json\/wp\/v2\/pages\/8\/revisions\/1206"}],"wp:featuredmedia":[{"embeddable":true,"href":"https:\/\/www.montybanse.eu\/index.php\/wp-json\/wp\/v2\/media\/328"}],"wp:attachment":[{"href":"https:\/\/www.montybanse.eu\/index.php\/wp-json\/wp\/v2\/media?parent=8"}],"curies":[{"name":"wp","href":"https:\/\/api.w.org\/{rel}","templated":true}]}}