{"id":1468,"date":"2023-02-18T20:38:20","date_gmt":"2023-02-18T19:38:20","guid":{"rendered":"https:\/\/www.montybanse.eu\/?page_id=1468"},"modified":"2023-02-18T22:30:54","modified_gmt":"2023-02-18T21:30:54","slug":"montgomery-wer","status":"publish","type":"page","link":"https:\/\/www.montybanse.eu\/index.php\/montgomery-wer\/","title":{"rendered":"Montgomery\u2026 wer?"},"content":{"rendered":"\t\t<div data-elementor-type=\"wp-page\" data-elementor-id=\"1468\" class=\"elementor elementor-1468\">\n\t\t\t\t\t\t<section class=\"elementor-section elementor-top-section elementor-element elementor-element-dfa72b9 elementor-section-boxed elementor-section-height-default elementor-section-height-default wpr-particle-no wpr-jarallax-no wpr-parallax-no wpr-sticky-section-no wpr-equal-height-no\" data-id=\"dfa72b9\" data-element_type=\"section\" data-e-type=\"section\">\n\t\t\t\t\t\t<div class=\"elementor-container elementor-column-gap-default\">\n\t\t\t\t\t<div class=\"elementor-column elementor-col-100 elementor-top-column elementor-element elementor-element-d18ea04\" data-id=\"d18ea04\" data-element_type=\"column\" data-e-type=\"column\">\n\t\t\t<div class=\"elementor-widget-wrap elementor-element-populated\">\n\t\t\t\t\t\t<div class=\"elementor-element elementor-element-d337a9f elementor-widget elementor-widget-heading\" data-id=\"d337a9f\" data-element_type=\"widget\" data-e-type=\"widget\" data-widget_type=\"heading.default\">\n\t\t\t\t<div class=\"elementor-widget-container\">\n\t\t\t\t\t<h2 class=\"elementor-heading-title elementor-size-default\">Montgomery\u2026 wer?<\/h2>\t\t\t\t<\/div>\n\t\t\t\t<\/div>\n\t\t\t\t\t<\/div>\n\t\t<\/div>\n\t\t\t\t\t<\/div>\n\t\t<\/section>\n\t\t\t\t<section class=\"elementor-section elementor-top-section elementor-element elementor-element-1490e66 elementor-section-boxed elementor-section-height-default elementor-section-height-default wpr-particle-no wpr-jarallax-no wpr-parallax-no wpr-sticky-section-no wpr-equal-height-no\" data-id=\"1490e66\" data-element_type=\"section\" data-e-type=\"section\">\n\t\t\t\t\t\t<div class=\"elementor-container elementor-column-gap-default\">\n\t\t\t\t\t<div class=\"elementor-column elementor-col-100 elementor-top-column elementor-element elementor-element-beb367f\" data-id=\"beb367f\" data-element_type=\"column\" data-e-type=\"column\">\n\t\t\t<div class=\"elementor-widget-wrap elementor-element-populated\">\n\t\t\t\t\t\t<div class=\"elementor-element elementor-element-034f800 elementor-widget elementor-widget-text-editor\" data-id=\"034f800\" data-element_type=\"widget\" data-e-type=\"widget\" data-widget_type=\"text-editor.default\">\n\t\t\t\t<div class=\"elementor-widget-container\">\n\t\t\t\t\t\t\t\t\t<p>Wer schreibt denn hier eigentlich?<\/p><p>Nun, der eine oder andere hat schon mal etwas von mir geh\u00f6rt oder gelesen. Vielleicht kennen wir uns auch pers\u00f6nlich und du bist deshalb auf meiner Webseite gelandet. Mein Name ist nicht allt\u00e4glich, daher ist es schon wahrscheinlich, dass du direkt nach mir gesucht haben musst ;).<\/p><p>Gerne stelle ich mich vor: Banse. Montgomery Banse.<\/p><p>Und ja: Genau wie der Typ bei den Simpsons. Ich sehe nur nicht so vergreist aus. Ich bin dicker.<\/p>\t\t\t\t\t\t\t\t<\/div>\n\t\t\t\t<\/div>\n\t\t\t\t\t<\/div>\n\t\t<\/div>\n\t\t\t\t\t<\/div>\n\t\t<\/section>\n\t\t\t\t<section class=\"elementor-section elementor-top-section elementor-element elementor-element-30d902d elementor-section-boxed elementor-section-height-default elementor-section-height-default wpr-particle-no wpr-jarallax-no wpr-parallax-no wpr-sticky-section-no wpr-equal-height-no\" data-id=\"30d902d\" data-element_type=\"section\" data-e-type=\"section\">\n\t\t\t\t\t\t<div class=\"elementor-container elementor-column-gap-default\">\n\t\t\t\t\t<div class=\"elementor-column elementor-col-100 elementor-top-column elementor-element elementor-element-5b24870\" data-id=\"5b24870\" data-element_type=\"column\" data-e-type=\"column\">\n\t\t\t<div class=\"elementor-widget-wrap elementor-element-populated\">\n\t\t\t\t\t\t<div class=\"elementor-element elementor-element-30334f2 elementor-widget elementor-widget-heading\" data-id=\"30334f2\" data-element_type=\"widget\" data-e-type=\"widget\" data-widget_type=\"heading.default\">\n\t\t\t\t<div class=\"elementor-widget-container\">\n\t\t\t\t\t<h2 class=\"elementor-heading-title elementor-size-default\">Und du machst hier was?<\/h2>\t\t\t\t<\/div>\n\t\t\t\t<\/div>\n\t\t\t\t\t<\/div>\n\t\t<\/div>\n\t\t\t\t\t<\/div>\n\t\t<\/section>\n\t\t\t\t<section class=\"elementor-section elementor-top-section elementor-element elementor-element-f585098 elementor-section-boxed elementor-section-height-default elementor-section-height-default wpr-particle-no wpr-jarallax-no wpr-parallax-no wpr-sticky-section-no wpr-equal-height-no\" data-id=\"f585098\" data-element_type=\"section\" data-e-type=\"section\">\n\t\t\t\t\t\t<div class=\"elementor-container elementor-column-gap-default\">\n\t\t\t\t\t<div class=\"elementor-column elementor-col-100 elementor-top-column elementor-element elementor-element-808aed8\" data-id=\"808aed8\" data-element_type=\"column\" data-e-type=\"column\">\n\t\t\t<div class=\"elementor-widget-wrap elementor-element-populated\">\n\t\t\t\t\t\t<div class=\"elementor-element elementor-element-025f698 elementor-widget elementor-widget-text-editor\" data-id=\"025f698\" data-element_type=\"widget\" data-e-type=\"widget\" data-widget_type=\"text-editor.default\">\n\t\t\t\t<div class=\"elementor-widget-container\">\n\t\t\t\t\t\t\t\t\t<p>In erster Linie habe ich einfach Spa\u00df daran, hin und wieder Dinge als virtuellen Nachlass in Text-Form niederzuschreiben.<\/p><p>Das sind Dinge, an denen ich Arbeite oder gearbeitet habe oder Themen mit denen ich mich besch\u00e4ftige oder besch\u00e4ftigt habe. Durchaus geht es auch um Themen, die ich mir M\u00fchsam zusammengesucht habe, die ich f\u00fcr mich und f\u00fcr andere suchende einfach in komprimierter und einfacherer Form notieren m\u00f6chte.<\/p>\t\t\t\t\t\t\t\t<\/div>\n\t\t\t\t<\/div>\n\t\t\t\t\t<\/div>\n\t\t<\/div>\n\t\t\t\t\t<\/div>\n\t\t<\/section>\n\t\t\t\t<section class=\"elementor-section elementor-top-section elementor-element elementor-element-20bf980 elementor-section-boxed elementor-section-height-default elementor-section-height-default wpr-particle-no wpr-jarallax-no wpr-parallax-no wpr-sticky-section-no wpr-equal-height-no\" data-id=\"20bf980\" data-element_type=\"section\" data-e-type=\"section\">\n\t\t\t\t\t\t<div class=\"elementor-container elementor-column-gap-default\">\n\t\t\t\t\t<div class=\"elementor-column elementor-col-100 elementor-top-column elementor-element elementor-element-1cc8c6c\" data-id=\"1cc8c6c\" data-element_type=\"column\" data-e-type=\"column\">\n\t\t\t<div class=\"elementor-widget-wrap elementor-element-populated\">\n\t\t\t\t\t\t<div class=\"elementor-element elementor-element-d4339e8 elementor-widget elementor-widget-text-editor\" data-id=\"d4339e8\" data-element_type=\"widget\" data-e-type=\"widget\" data-widget_type=\"text-editor.default\">\n\t\t\t\t<div class=\"elementor-widget-container\">\n\t\t\t\t\t\t\t\t\t<p>Meinen Alltag bestreite ich seit nunmehr fast sechs Jahren bei der INWX GmbH, welche zu den wichtigsten Meilensteinen in meinem Leben z\u00e4hlt. Und nein, ich bekomme f\u00fcr diesen Satz keinen extra Bonus oder eine Bezahlung (ok, eigentlich doch, aber das beschr\u00e4nkt sich auf mein normales Gehalt). Hin und wieder gibts Pizza bei uns, aber das beeinflu\u00dft meine Meinung nicht sonderlich (nur mein allgemeines Bauchgef\u00fchl und die herzliche W\u00e4rme die damit einhergeht).<\/p><p>T\u00e4tig bin ich bei uns als Key-Account-Manager. Ich betreue damit unsere wichtigsten Kunden und bin daf\u00fcr Ansprechpartner in allen Angelegenheiten. Egal ob etwas einfach nicht funktioniert oder jemand der Meinung ist, wir kn\u00f6pfen ihm zu viel f\u00fcr seine Domains ab und die Konkurrenz macht das g\u00fcnstiger. Hier bin ich der richtige Mann. Aber auch f\u00fcr potentielle Neukunden, welche Domains bei vielen verschiedenen Anbietern horten: Willkommen, ich helfe euch gl\u00fccklich zu werden ;).<\/p><p>Nun wisst ihr, mit was ich mir meinen Lebensunterhalt finanziere. Und ich bin Gl\u00fccklich dabei. Vor allem erf\u00fcllt es mich und gibt mir seit einigen Jahren das Gef\u00fchl angekommen zu sein, nach einem Weg mit vielen scharfen Kurven und Schlagl\u00f6chern gef\u00fcllt mit Regenwasser, die so tief sind, dass dort ein Kleinwagen bedingungslos verschwinden kann. Aber, geht halt nicht immer alles geradlinig und steil nach oben, richtig?<\/p><p>Daher sch\u00f6pfe ich nicht nur aus privater Sicht mein Interesse an Technik, dem Internet oder dem Schreiben. Ich habe auch tagt\u00e4glich damit auf Arbeit zu tun.<\/p>\t\t\t\t\t\t\t\t<\/div>\n\t\t\t\t<\/div>\n\t\t\t\t\t<\/div>\n\t\t<\/div>\n\t\t\t\t\t<\/div>\n\t\t<\/section>\n\t\t\t\t<section class=\"elementor-section elementor-top-section elementor-element elementor-element-2a0af6c elementor-section-boxed elementor-section-height-default elementor-section-height-default wpr-particle-no wpr-jarallax-no wpr-parallax-no wpr-sticky-section-no wpr-equal-height-no\" data-id=\"2a0af6c\" data-element_type=\"section\" data-e-type=\"section\">\n\t\t\t\t\t\t<div class=\"elementor-container elementor-column-gap-default\">\n\t\t\t\t\t<div class=\"elementor-column elementor-col-100 elementor-top-column elementor-element elementor-element-b980a30\" data-id=\"b980a30\" data-element_type=\"column\" data-e-type=\"column\">\n\t\t\t<div class=\"elementor-widget-wrap elementor-element-populated\">\n\t\t\t\t\t\t<div class=\"elementor-element elementor-element-2649c85 elementor-widget elementor-widget-heading\" data-id=\"2649c85\" data-element_type=\"widget\" data-e-type=\"widget\" data-widget_type=\"heading.default\">\n\t\t\t\t<div class=\"elementor-widget-container\">\n\t\t\t\t\t<h2 class=\"elementor-heading-title elementor-size-default\">Und sonst so? Wie bist du privat?<\/h2>\t\t\t\t<\/div>\n\t\t\t\t<\/div>\n\t\t\t\t\t<\/div>\n\t\t<\/div>\n\t\t\t\t\t<\/div>\n\t\t<\/section>\n\t\t\t\t<section class=\"elementor-section elementor-top-section elementor-element elementor-element-0b5910d elementor-section-boxed elementor-section-height-default elementor-section-height-default wpr-particle-no wpr-jarallax-no wpr-parallax-no wpr-sticky-section-no wpr-equal-height-no\" data-id=\"0b5910d\" data-element_type=\"section\" data-e-type=\"section\">\n\t\t\t\t\t\t<div class=\"elementor-container elementor-column-gap-default\">\n\t\t\t\t\t<div class=\"elementor-column elementor-col-100 elementor-top-column elementor-element elementor-element-c826869\" data-id=\"c826869\" data-element_type=\"column\" data-e-type=\"column\">\n\t\t\t<div class=\"elementor-widget-wrap elementor-element-populated\">\n\t\t\t\t\t\t<div class=\"elementor-element elementor-element-e600995 elementor-widget elementor-widget-text-editor\" data-id=\"e600995\" data-element_type=\"widget\" data-e-type=\"widget\" data-widget_type=\"text-editor.default\">\n\t\t\t\t<div class=\"elementor-widget-container\">\n\t\t\t\t\t\t\t\t\t<p>Privat interessiere ich mich f\u00fcr das Fotografieren und ich koche sehr gerne (auch das Kochen hat meine Vergangenheit stark gepr\u00e4gt). Ich probiere gerne Dinge in der K\u00fcche aus, sto\u00dfe dabei nicht wenig auf Gerichte, die ich nicht einmal meinen Feinden anbieten w\u00fcrde. Aber im Laufe der Zeit haben sich auch viele Dinge und Rezepte entwickelt, die ich sp\u00e4ter einmal meinen Kindern weitergeben werde (das klassische Oma-Rezeptbuch).<\/p><p>Weiterhin bin ich ein tierliebender Mensch und liebe die beiden Katzen \u00fcber alles. Es ist immer wieder sch\u00f6n zu sehen, wie sich beide Ihre Macken teilen und gegenseitig die Schuld in die Schuhe schieben. In jedem Fall entgegne ich meinen Katzen fast immer mit einer gewissen Ironie und Sarkasmus (als ob sie das verstehen w\u00fcrden) und habe sie damit gef\u00fchlt auf ein menschliches Level gehoben.<\/p><p>Aber auch andere Tiere finde ich spannend: Ich habe ein Fable f\u00fcr B\u00e4ren oder Eichh\u00f6rnchen und auch Otter oder Erdm\u00e4nnchen faszinieren mich. Genauso geh\u00f6ren Pfeifhasen zu den Wesen, die mich jedes mal aufs neue Begeistern. Falls du Pfeifhasen nicht kennst: Such mal bei Youtube ;D.<\/p><p>In meiner Freizeit bastel ich gerne an Webseiten oder an meinem Smart Home. Ich bin absolut kein perfekter Anwendungsentwickler, aber ich habe Spa\u00df daran mich auszuprobieren und logische Abl\u00e4ufe als Programmablauf darzustellen. Wenn es dann noch funktioniert und Alltagstauglich ist, denke ich mir jedes mal: Geiler Sch**ss-<\/p><p>Mit zu diesen Dingen geh\u00f6rt unter anderem mein selbst entwickeltes Dokumenten Management System, das genau nach meinen W\u00fcnschen und Anforderungen funktioniert. Ich wollte mich einfach nicht auf die fertigen L\u00f6sungen verlassen (und sogar Geld daf\u00fcr ausgeben).<\/p><p>Auch betreibe ich f\u00fcr eine befreundete Pizzeria eine Webseite mit entsprechendem Bestellsystem. Dieses ist aktuell in der Neuentwicklung, da das ganze Konstrukt mittlerweile \u00fcber 10 Jahre alt ist und einfach mal ein Redesign in allen Varianten verdient hat. Ich arbeite dabei nicht unmittelbar effektiv und es kommen auch mal mehrere Wochen ohne Fortschritte zustande. Aber hey: Es ist ein Hobby und Hobbys sollen Spa\u00df machen und nicht verpflichten.<\/p><p>In meinem Zuhause versuche ich alles m\u00f6gliche zu automatisieren. Und auch daran lasse ich euch in diesem Blog teilhaben. Im Grunde versuche ich mir alles zuhause von der Technik abnehmen zu lassen, was sich anbietet. Angefangen bei unterschiedlichen Lichtszenarien, bishin zur Information ob das Katzenklo gereinigt werden muss. Das macht es zwar noch nicht selbst, aber ich muss bei zwei Katzen nicht proforma auf die Suche nach den \u00dcberlassenschaften gehen.<\/p><p>Faulheit siegt.<\/p><p>Meine pers\u00f6nliche Art kann ich als zur\u00fcckgezogen beschreiben. Ich bin zwar auch gerne unterwegs, aber ich f\u00fchle mich in den eigenen vier W\u00e4nden auch sehr wohl und habe kein Problem damit, dort auch mehrere Tage zu verbringen und nur f\u00fcr den Einkauf mein Revier zu verlassen. Andererseits genie\u00dfe ich es auch unterwegs zu sein, wenn es ein Ziel gibt ;). Ich bin allgemein ein gut strukturierter Mensch und gebe mein bestes um Dinge zu planen. Meinen Humor kann man als sehr sarkastisch beschreiben. Manchmal auch ein wenig zu sarkastisch, dass andere meinen Humor auch gar nicht als solchen verstehen k\u00f6nnen.<\/p><p>Ich bin weitestgehend weltoffen, habe Freunde in verschiedensten Regionen, verschiedensten Abstammungen und mit verschiedensten Ansichten.\u00a0<\/p><p>Ich glaube meine schlimmste Eigenschaft (und auch als Vorteil anzusehen &#8211; zumindest f\u00fcr mich) ist, dass ich praktisch \u00fcberall schlafen kann. Wenn mir langweilig wird, kann es durchaus passieren, dass ich innerhalb von 2 Minuten komplett weg bin und schlafe. Ist Nachts und Abends ne gute Sache, kann mir aber auch beim Fernsehen oder Film schauen passieren, wenn Werbung kommt oder eine langweilige Passage im Film abgespult wird, haha.<\/p>\t\t\t\t\t\t\t\t<\/div>\n\t\t\t\t<\/div>\n\t\t\t\t\t<\/div>\n\t\t<\/div>\n\t\t\t\t\t<\/div>\n\t\t<\/section>\n\t\t\t\t<section class=\"elementor-section elementor-top-section elementor-element elementor-element-00edd92 elementor-section-boxed elementor-section-height-default elementor-section-height-default wpr-particle-no wpr-jarallax-no wpr-parallax-no wpr-sticky-section-no wpr-equal-height-no\" data-id=\"00edd92\" data-element_type=\"section\" data-e-type=\"section\">\n\t\t\t\t\t\t<div class=\"elementor-container elementor-column-gap-default\">\n\t\t\t\t\t<div class=\"elementor-column elementor-col-100 elementor-top-column elementor-element elementor-element-69ae43f\" data-id=\"69ae43f\" data-element_type=\"column\" data-e-type=\"column\">\n\t\t\t<div class=\"elementor-widget-wrap elementor-element-populated\">\n\t\t\t\t\t\t<div class=\"elementor-element elementor-element-871bc34 elementor-widget elementor-widget-heading\" data-id=\"871bc34\" data-element_type=\"widget\" data-e-type=\"widget\" data-widget_type=\"heading.default\">\n\t\t\t\t<div class=\"elementor-widget-container\">\n\t\t\t\t\t<h2 class=\"elementor-heading-title elementor-size-default\">Ja, OK. Reicht doch dann auch erstmal.<\/h2>\t\t\t\t<\/div>\n\t\t\t\t<\/div>\n\t\t\t\t\t<\/div>\n\t\t<\/div>\n\t\t\t\t\t<\/div>\n\t\t<\/section>\n\t\t\t\t<section class=\"elementor-section elementor-top-section elementor-element elementor-element-7cbb05a elementor-section-boxed elementor-section-height-default elementor-section-height-default wpr-particle-no wpr-jarallax-no wpr-parallax-no wpr-sticky-section-no wpr-equal-height-no\" data-id=\"7cbb05a\" data-element_type=\"section\" data-e-type=\"section\">\n\t\t\t\t\t\t<div class=\"elementor-container elementor-column-gap-default\">\n\t\t\t\t\t<div class=\"elementor-column elementor-col-100 elementor-top-column elementor-element elementor-element-f6f3632\" data-id=\"f6f3632\" data-element_type=\"column\" data-e-type=\"column\">\n\t\t\t<div class=\"elementor-widget-wrap elementor-element-populated\">\n\t\t\t\t\t\t<div class=\"elementor-element elementor-element-aa17aa3 elementor-widget elementor-widget-text-editor\" data-id=\"aa17aa3\" data-element_type=\"widget\" data-e-type=\"widget\" data-widget_type=\"text-editor.default\">\n\t\t\t\t<div class=\"elementor-widget-container\">\n\t\t\t\t\t\t\t\t\t<p>Daf\u00fcr, dass du wissen wolltest, wer hier diese langen Artikel schreibt und oftmals kein Ende zu finden ist, wei\u00dft du nun eine ganze Menge \u00fcber mich. Nat\u00fcrlich gibt es noch Seiten, die ich hier nicht preisgeben werde, die Seiten, die nur meine engsten Kreise kennen (manch einer w\u00fcrde jetzt sagen: Besser ist auch).<\/p><p>Falls Du Lust hast mich kennen zu lernen oder du dich austauschen m\u00f6chtest: Ich bin gerne erreichbar. Oben findest du auch ein Kontaktformular, alles weitere ergibt sich dann =). Ich freue mich immer jemanden neues kennen zu lernen. Kann der Freundeskreis doch nicht gro\u00df genug sein.<\/p><p>Damit w\u00fcnsche ich dir eine gute Heimfahrt und komm bald wieder!<\/p>\t\t\t\t\t\t\t\t<\/div>\n\t\t\t\t<\/div>\n\t\t\t\t\t<\/div>\n\t\t<\/div>\n\t\t\t\t\t<\/div>\n\t\t<\/section>\n\t\t\t\t<\/div>\n\t\t","protected":false},"excerpt":{"rendered":"<p>Montgomery\u2026 wer? Wer schreibt denn hier eigentlich? Nun, der eine oder andere hat schon mal etwas von mir geh\u00f6rt oder gelesen. Vielleicht kennen wir uns auch pers\u00f6nlich und du bist deshalb auf meiner Webseite gelandet. Mein Name ist nicht allt\u00e4glich, daher ist es schon wahrscheinlich, dass du direkt nach mir<\/p>\n","protected":false},"author":1,"featured_media":0,"parent":0,"menu_order":0,"comment_status":"closed","ping_status":"closed","template":"page-templates\/template-pagebuilder-full-width.php","meta":{"_eb_attr":"","_themeisle_gutenberg_block_has_review":false,"footnotes":""},"class_list":["post-1468","page","type-page","status-publish","hentry"],"_links":{"self":[{"href":"https:\/\/www.montybanse.eu\/index.php\/wp-json\/wp\/v2\/pages\/1468","targetHints":{"allow":["GET"]}}],"collection":[{"href":"https:\/\/www.montybanse.eu\/index.php\/wp-json\/wp\/v2\/pages"}],"about":[{"href":"https:\/\/www.montybanse.eu\/index.php\/wp-json\/wp\/v2\/types\/page"}],"author":[{"embeddable":true,"href":"https:\/\/www.montybanse.eu\/index.php\/wp-json\/wp\/v2\/users\/1"}],"replies":[{"embeddable":true,"href":"https:\/\/www.montybanse.eu\/index.php\/wp-json\/wp\/v2\/comments?post=1468"}],"version-history":[{"count":10,"href":"https:\/\/www.montybanse.eu\/index.php\/wp-json\/wp\/v2\/pages\/1468\/revisions"}],"predecessor-version":[{"id":1479,"href":"https:\/\/www.montybanse.eu\/index.php\/wp-json\/wp\/v2\/pages\/1468\/revisions\/1479"}],"wp:attachment":[{"href":"https:\/\/www.montybanse.eu\/index.php\/wp-json\/wp\/v2\/media?parent=1468"}],"curies":[{"name":"wp","href":"https:\/\/api.w.org\/{rel}","templated":true}]}}